uppose 0 = -h*r + 3*n + 1890, -2*n + 1 = -1. Is r a prime number?
True
Suppose 1544 = 12*o - 103372. Is o a composite number?
True
Suppose -4*x + 13*m + 313709 = 14*m, 0 = -x + 3*m + 78424. Is x composite?
False
Suppose 5*d = 43 + 2. Is (1/5)/((-90858)/(-10095) - d) a composite number?
False
Let n(m) = 52*m + 18. Let w be (-10)/5 + -4 - -2. Let t be n(w). Let c = 403 + t. Is c composite?
True
Let u = -31103 + 59226. Is u a prime number?
True
Let m = 108 - 104. Suppose m*i - 3326 = -2*z, -2*i + i + 4 = 0. Is z a composite number?
True
Let p(c) = c**2 + 7*c + 6. Let a be p(-5). Is (6/(-9))/(a/9714) composite?
False
Let s(l) = 5686*l - 541. Is s(2) prime?
True
Let x = 1179 - 2704. Let u = x - -2784. Is u a prime number?
True
Let u(m) = 178*m**3 + m**2 - 4*m. Suppose 0*w + 4*w = -4*b + 24, 2*b - w = 21. Let f be (b + 3)/4*1. Is u(f) a composite number?
True
Suppose -417*r = -197*r - 261936620. Is r prime?
False
Let m(i) = -3077*i + 2642. Is m(-27) a prime number?
False
Suppose -23*y + 19*y + 28 = 0. Let f(d) = 5*d**2 - 15*d + 5. Let p(l) = 11*l**2 - 30*l + 11. Let m(b) = -5*f(b) + 3*p(b). Is m(y) a composite number?
True
Suppose -1009966789 + 2832387019 = 510*m. Is m composite?
False
Suppose 16*n - 6818663 - 541161 = 0. Is n composite?
True
Suppose -4*d = 5*c - 19, d = 4*d - 3. Is 3 + -1 - (c - 2)*-51 a composite number?
False
Suppose -t = 505 - 665. Let z = 2493 - t. Is z a prime number?
True
Let g be (-3 - 0)/(3/(-44)). Suppose -g - 36 = -10*h. Suppose h*m = 3387 - 211. Is m a composite number?
False
Suppose 1048349 = 14*f + 8303. Is f a composite number?
True
Let j be (-4144)/20 - -2 - (-3)/15. Suppose 0 = 15*y - 12*y - 1152. Let b = y + j. Is b composite?
False
Let o(k) = 7*k**2 + 2*k - 13. Let w be o(4). Let f = -109 + w. Is (-2 - f - (5 - 5)) + 166 prime?
False
Let d = 48 - 18. Let w(t) = -t**3 + 30*t**2 + 8*t - 7. Is w(d) composite?
False
Suppose -60*y - 1204230 = -90*y. Is y a prime number?
False
Suppose d - 1 = 0, -2*x + 174442 = 5*d + 63867. Is x prime?
False
Suppose 4*a + 261 = -23. Let b = 1776 - a. Is b prime?
True
Let v(m) = -m**2 + m - 1. Let h(y) = 439*y**2 + 12*y - 6. Let w(r) = h(r) + 2*v(r). Is w(3) a prime number?
True
Let t = 1101244 - 319553. Is t a composite number?
True
Let w(l) = 13156*l**2 - 10*l + 17. Is w(2) composite?
True
Suppose 8 = -2*s - 5*q, 4*q - 7 = 1. Let h(y) = 9*y**2 + 9*y - 5. Let g be h(s). Suppose 0 = 8*u - g - 7749. Is u a prime number?
True
Suppose 368*v - 328469 = -2*u + 365*v, -u + v = -164212. Is u a composite number?
True
Suppose 0*n = 5*n - 4*y - 5460, 0 = 4*n + y - 4347. Let s = -621 + n. Is s prime?
True
Let s(o) = -249*o + 695. Is s(-14) composite?
True
Is (-240)/(-27) + -9 - (-268940)/18 a prime number?
False
Let i = -110 + 185. Let s(r) = 38 + 16*r**2 + 48 - i + 22*r. Is s(12) a prime number?
True
Let j = -1706 + 5451. Let m = j - 2630. Suppose 13*f - m = 8*f. Is f a composite number?
False
Let n = 1436 - 552. Suppose n + 173 = -7*t. Let i = t - -408. Is i composite?
False
Let a be 80 - (-1 - (1 + 1)). Suppose -a = 5*m - 8. Is 422*(-2 + m/(-6)) a prime number?
True
Let n = -110550 - -347093. Is n prime?
False
Suppose -c = -4*i + 698, 0 = -7*i + 4*i + 4*c + 530. Suppose -5*d = 266 + i. Let u = 1905 + d. Is u a prime number?
False
Suppose 3*h - 5 = 10. Suppose -5*u = 4*g + 30, u + 0*u = -h*g - 6. Is u/(-3) - -1 - -1070 a prime number?
False
Suppose 0 = 6*b - 521 + 143. Let l be 40551/b + 2/6. Suppose 4*g - l = -0*g. Is g composite?
True
Let g(t) = -6120*t + 4081. Is g(-18) a prime number?
False
Suppose -5*g = -2*g - 15*g + 468204. Is g a prime number?
False
Let s = -359 + 1262. Let y = 2636 - s. Is y a prime number?
True
Let a(p) = -1505*p + 3. Let y be a(-6). Suppose -40*d - y = -43*d. Is d a composite number?
False
Let b = -67 + 70. Let d be -2*b*(-17)/51. Suppose -d*u + 654 = 4*u. Is u composite?
False
Let x = 308 - 271. Suppose 1494 = x*d - 123011. Is d composite?
True
Let p be ((-15)/(-25))/((-2 + 5)/105). Suppose -613 = 20*n - p*n. Is n composite?
False
Let h be 38*(-1)/(10/2005). Let a = -4582 - h. Is a prime?
True
Let c = 16 - 2. Let g = 18 - c. Suppose k = -i + 257, g*k = i - 3*i + 522. Is i a prime number?
False
Let n(t) = -t**3 + 13*t**2 + 17*t - 24. Let s be n(14). Suppose 16 = 26*y - s*y. Suppose -z = y*i + z - 748, -2*i = -5*z - 783. Is i composite?
False
Suppose -x - 4*f + 17432 = 0, -2*f = -4*x + 2*x + 34824. Let k = x + -7829. Is k composite?
False
Let f(d) = -2*d + 16. Let w be f(8). Suppose w = -16*y - 10 + 4074. Is y a composite number?
True
Let v(l) = -3*l**3 - 4*l - 31. Let o be v(-13). Suppose 12*s + 0*s = o. Is s a prime number?
False
Let v = 179 + -176. Is 1/3*(v - -71544) a composite number?
True
Let c(p) = -96*p**3 - 11*p**2 - 10*p - 2. Let j be c(-9). Suppose j = -142*v + 149*v. Is v a composite number?
False
Let i(u) = 137*u**2 + 118*u + 10422. Is i(-67) prime?
True
Let o(p) = -p**3 + 8*p**2 - 9*p - 13. Let i be o(6). Suppose -5*y + 6793 = -4*h, 5*h = -i*y + 6903 - 128. Is y composite?
True
Suppose 291*j - 104369646 = 7267156 + 183599285. Is j a prime number?
True
Let n = 4847 + 47694. Is n prime?
True
Is 732952/20*(-750)/120*(-2)/5 a prime number?
False
Suppose 135*f = 36*f + 1634591 + 2611816. Is f a composite number?
True
Let x(f) = -5*f**2 - 17 + 2*f**3 + 16*f + 16*f**2 + 20 + 7*f**2. Let z be x(-8). Is (-6)/z*(-669)/2 + 2 prime?
False
Let r(u) = -6177*u + 190. Let x be r(-13). Suppose 4*p + x = 3*v, 51*v - 2*p = 48*v + 80495. Is v composite?
False
Suppose 9*h + 48 = 5*h. Let w be h - (20/25)/((-6)/(-15)). Let y = 663 - w. Is y a composite number?
False
Let r = -53 + 31. Let j = 26 + r. Suppose 6*u - 614 = j*u. Is u prime?
True
Let g = 20 - 29. Let o(h) = -4*h - 36. Let p be o(g). Suppose p = d + y - 702, d - 2*d - 2*y = -703. Is d composite?
False
Let b be (-2)/(((-1)/(-7))/(180/(-35))). Suppose 3*h + b = -5*h. Is (-54202)/(-18) - (16/h + 2) a prime number?
True
Let m = -223766 - -391359. Is m a composite number?
False
Suppose 0 = -2*i + x + 515260, i - 3*x - 248688 = 8927. Is i composite?
True
Let y = -167204 + 306271. Is y prime?
True
Let u = -20876 - -34788. Let i = -9513 + u. Is i a composite number?
True
Let g(a) = 107166*a - 1459. Is g(7) a composite number?
False
Suppose -2*j = -o + 253945 - 33292, 5*j - 661904 = -3*o. Is o a composite number?
True
Suppose 4*i + 234 = 3*k - k, i - 504 = -4*k. Suppose -103*h + k*h - 33198 = 0. Is h prime?
False
Let c(r) be the first derivative of 2*r**3 + 48*r**2 - 7*r + 15. Is c(-41) prime?
True
Suppose -6*o + 3*f = -6467 - 34837, -4*f - 8 = 0. Is o prime?
True
Suppose 0 = 3*i - 5*d - 22, 14*i - 9*i - 2*d - 62 = 0. Suppose 16*k - i*k = 3988. Is k composite?
True
Let l(c) = -2*c**2 - 8*c + 47111. Is l(0) a prime number?
True
Let q(w) = 4 - 7 - 2 - 242*w. Let o be q(-2). Suppose -4*y - 3*k + 8*k = -375, 5*y - o = -4*k. Is y a composite number?
True
Let y = 67 + -62. Let i(q) = 39*q**3 - 6*q**2 + 9*q + 6. Let v be i(y). Let w = v - 2713. Is w prime?
True
Suppose 11*p + 1835884 = 2*t + 9*p, -3*p = 4*t - 3671768. Is t a prime number?
False
Suppose -26*y + 52 = -0. Suppose 0 = y*t - 5*r - 7527, -16847 = -5*t - r + 1957. Is t a composite number?
False
Let b(o) = 50575*o**3 + 2*o**2 + o - 13. Is b(2) prime?
True
Let z = 559602 - 163445. Is z prime?
True
Let w(a) = 73*a**2 + 16*a - 8. Let p be w(-7). Let f = p - 982. Suppose -5*z + 920 = -f. Is z a composite number?
True
Suppose -36*d + 37*d = -1. Let g be -2955*-6*d/(-5). Suppose 0 = -4*i + 2*h - 3*h + g, 5*i - 5*h = 4445. Is i a prime number?
True
Let p(y) = y**2 - 11*y - 13. Let u be p(13). Suppose 7204 = 4*x - 3*t, -18*t + u*t = 3*x - 5403. Is x a composite number?
False
Let b = 56 + -146. Let s be (35/21)/(3/(-531)). Let a = b - s. Is a prime?
False
Let u = -16 + 19. Suppose -4*g = 4*f - 788, -u*g - 3*f + 4*f = -611. Let q = g + -107. Is q prime?
False
Let x(d) be the third derivative of -d**6/120 - 17*d**5/60 - 3*d**4/4 - 11*d**3/3 + 24*d**2. Let k be x(-16). Is (-22)/5*k/(-8)*178 composite?
True
Suppose -5*l + 518330 = 5*p, 414629 = 4*l + 343*p - 346*p. Is l prime?
False
Suppose -3*a = -8*a - 3*v + 93514, 2*a = -4*v + 37414. Is a a prime number?
True
Let i be 205 + (-8 - -4) - -4. Suppose i*q - 193*q - 343812 = 0. Is q a composite number?
True
Suppose 2*h - 7*b - 85718 